 be q(5). Let z(c) = -c**2. Let u(p) = p**3 + 4*p**2 + 11. Let t(m) = u(m) + 3*z(m). List the prime factors of t(y).
11
Suppose -3*y + 2*y + 98 = 3*j, -5*y = -2*j + 54. What are the prime factors of j?
2
Let j = 12 - -28. List the prime factors of j.
2, 5
Let u be 5/(-15) + (-343)/(-3). Suppose -5*j + 4*w + 52 = -83, -u = -4*j + 2*w. List the prime factors of j.
31
Let u(q) = -3*q + 0*q + q + 11 + q. Let v be u(11). Let i(o) = o**3 - o + 13. List the prime factors of i(v).
13
Let a(k) = k**3 - 4*k**2 + 2*k + 7. What are the prime factors of a(5)?
2, 3, 7
What are the prime factors of ((-9)/18)/(((-3)/(-302))/(-3))?
151
Let y(a) = 3*a - a**2 - 5*a + 0*a**2 + 3*a**3. Let p(l) = -4*l**3 + l**2 + 2*l + 1. Let j(v) = 2*p(v) + 3*y(v). List the prime factors of j(2).
2
Let d(u) be the second derivative of u**6/240 - u**5/120 + u**4/4 + u. Let n(l) be the third derivative of d(l). List the prime factors of n(1).
2
Suppose 5*d - 158 = -4*v, 2*v = 4*d + v - 139. List the prime factors of d.
2, 17
Let t(q) = 7*q + 2. Let a be t(2). Let p = 28 - a. What are the prime factors of p?
2, 3
What are the prime factors of 1/(2 - 31/16)?
2
Let w be (-6)/21 - (-1052)/7. Suppose -14 = 4*y - w. What are the prime factors of y?
2, 17
Let s(v) = v**2 + 5. Let j be s(0). Let q = j - -3. List the prime factors of q.
2
Let j(k) = k**2 + 15*k + 6*k - 18*k - 10. List the prime factors of j(4).
2, 3
List the prime factors of (2120/40)/(2/4*2).
53
List the prime factors of (-3132)/(-21) + -1*1/7.
149
Suppose g - 13 = -2. List the prime factors of g.
11
Suppose -3*l - 15 = 2*l. Let u be (-8)/(-12) - (-2)/l. Suppose u = -5*v + 2*v + 69. What are the prime factors of v?
23
Let k = 1 - -2. Suppose 0 = -2*c + k*c + 10. List the prime factors of 2/(-2)*c + 0.
2, 5
Suppose 0 = -4*y - 4*s - s + 7, 3*s = -3. Suppose 2 = y*b - 7. What are the prime factors of b?
3
Suppose -3*n + 6*n - 3 = 0. Let g(j) be the first derivative of j**2/2 + j - 1. List the prime factors of g(n).
2
Let q be 2 - -3*2/2. Suppose d = -q*m + 5, 5*d - 3*m - m - 83 = 0. List the prime factors of d.
3, 5
Let t = -5 - -7. Suppose -f + 93 = t*f. Let v = -13 + f. What are the prime factors of v?
2, 3
Let s(h) = 3*h**2 + 3. List the prime factors of s(-3).
2, 3, 5
Let r = -206 + 422. What are the prime factors of r?
2, 3
Suppose 2*h - 5 = 1. Suppose -3*i + 0*x - x + 39 = 0, -h*x = -9. Let p = -7 + i. List the prime factors of p.
5
Let u(r) = 2*r**3 + 2*r - 1. Let g(x) = -x**3 - 2*x + 2. Let w(t) = -3*g(t) - 4*u(t). What are the prime factors of w(-2)?
2, 3, 7
Suppose -4*d - 5*r + 13 = 2, -d = 2*r - 5. Let n(m) = -4 + 1 - 3*m + 4. What are the prime factors of n(d)?
2
Let f(g) = g**3 + 5*g**2 - 9*g - 2. Suppose 4*s = s - 18. What are the prime factors of f(s)?
2
Let x(f) = 12*f - 1. List the prime factors of x(1).
11
Suppose 0 = 3*j - 2*j. Suppose 0 = 8*g - 32 - 0. Let l = g + j. List the prime factors of l.
2
Let b(o) = -o**2 - 9*o + 4. Let u be b(-9). Suppose -2*j + 5*q = u*q, 2 = 5*j - 2*q. List the prime factors of j.
2
Let o(g) = g + 15. Let p be o(-15). Suppose -4*r - 29 = -3*d, -4*d - 4*r + 0*r = 8. Suppose -s - 4*s - d*l + 37 = p, 0 = -l - 1. List the prime factors of s.
2
Let l be (-2 - (-4 + 1)) + -3. Suppose -2*q = -q - 8. Let j = l + q. List the prime factors of j.
2, 3
Suppose 0 = -3*b + 190 - 19. What are the prime factors of b?
3, 19
Let l(x) = 16*x**2 - 2*x - 1. Let w be 3/6*(-4)/2. List the prime factors of l(w).
17
Suppose -5*z + 2 = -4*b - 4, 2*b = -5*z - 18. Let d be b/6 + 488/(-24). Let m = d + 33. What are the prime factors of m?
2, 3
Suppose -2*p - p + 2*n = -345, -2*n = -2*p + 228. List the prime factors of p.
3, 13
Suppose 89 = 6*u - 277. List the prime factors of u.
61
List the prime factors of (-2 + 475 - 2)*(-3)/(-9).
157
Suppose 0 = -u + 2*u + 2*m + 15, -2*u = 5*m + 30. What are the prime factors of (0 + -3)*(u - -4)?
3, 11
Suppose 6*t = 12*t - 1332. List the prime factors of t.
2, 3, 37
Let z be 4/(-2) - (-14)/1. List the prime factors of 5*-4*(-6)/z.
2, 5
Let k(m) = -6*m**2 + 4*m - 2. Let v be k(2). List the prime factors of (-554)/v - (-10)/45.
31
Let n(d) = d**3 + 10*d**2 + 15*d + 2. List the prime factors of n(-7).
2, 11
What are the prime factors of (-6)/15*-5 - -12?
2, 7
Let w be (3 + -2)/((-2)/(-6)). Suppose -3*j = 3*a - 0*a - 30, -4*j + 5*a = -67. Suppose -4*s - j = -i + 4, 0 = 3*s - w. List the prime factors of i.
3, 7
Let r(j) = 2 - j**3 - 9*j**2 + 9*j**2. List the prime factors of r(-2).
2, 5
Let l be (4 - 1)/((-6)/(-8)). Let k(a) = -6 + l + 4 + a**2. What are the prime factors of k(2)?
2, 3
Let g be 3 - 15/(2 - -1). Let l(b) = -9*b - 1. Let f(z) = 17*z + 1. Let k(m) = -3*f(m) - 5*l(m). What are the prime factors of k(g)?
2, 7
Suppose 2*j = r + 9, -5*j + 2*r = 7*r. Let o = -5 - -4. What are the prime factors of o/j - (-136)/12?
11
Let b be 11 - 9 - 6*-5. Let j = -22 + b. What are the prime factors of j?
2, 5
Let x(l) = l + 5. Let n be x(0). Let j(c) = 0*c + 5*c - n - 2*c. What are the prime factors of j(4)?
7
Let o(q) = -7*q. Let d(t) = -4*t. Let h(w) = -11*d(w) + 6*o(w). What are the prime factors of h(1)?
2
Suppose -5*x + 4*g = 18 - 4, -2*x = 3*g + 1. What are the prime factors of 3/x*(-288)/27?
2
Let b = -3 + 6. Suppose 22 = b*c - j, 3 - 1 = -c - 2*j. List the prime factors of c.
2, 3
List the prime factors of (-75)/5*(-12)/10.
2, 3
Let r(p) = 2*p - 18. List the prime factors of r(10).
2
Let o(k) = -k**2 + 7*k - 2. Let n = 15 + -9. Let i be o(n). List the prime factors of ((-3)/9)/(i/(-156)).
13
Suppose 5*u + 57 = d - 53, -120 = -d + 3*u. List the prime factors of d.
3, 5
List the prime factors of (-675)/(-12) - (-6)/(-24).
2, 7
Suppose 240 = -6*f + 11*f. What are the prime factors of f?
2, 3
Suppose q + 9 = -2*o + 350, -4*q = o - 1392. What are the prime factors of q?
349
Let v(o) = -o**3 - 8*o**2 - 9*o - 4. Let z be (-32)/(-14) - (-6)/(-21). Let g = z - 9. What are the prime factors of v(g)?
2, 5
Suppose 0 = 4*n + 4, -3*n - 2 = -4*r + 9. Suppose -3*j - 5*y = -21, -j + r*j = 4*y - 10. Let q(c) = 11*c - 1. List the prime factors of q(j).
3, 7
Suppose 0 = 4*n - 3*g - 177, -4*n + 5*g + 72 + 111 = 0. List the prime factors of n.
2, 3, 7
Let c(f) = -5*f + 0*f - f**2 - 6*f. List the prime factors of c(-10).
2, 5
Suppose -2*i = -0*i - 6, 44 = 4*g + 4*i. What are the prime factors of g?
2
Let p(w) = -w**3 - 2*w**2 + w + 82. List the prime factors of p(0).
2, 41
Let k(v) = v**3 + 7*v**2 + 4*v + 1. Let w be k(-5). Let p = -15 + w. What are the prime factors of p?
2
Suppose -4*v = -166 - 254. What are the prime factors of v?
3, 5, 7
Suppose 5*h + 213 = u, 852 = 5*u - u - h. List the prime factors of u.
3, 71
Suppose -6 - 99 = -7*l. What are the prime factors of l?
3, 5
Let u be 2/(8/12)*-4. List the prime factors of 1*3 - (u + -18).
3, 11
Let c(g) = g**2 + 3*g + 4. Let f be 6/1*(-4)/(-6). Let i be 1/f - (-39)/(-12). List the prime factors of c(i).
2
Suppose 128 + 56 = 3*k - 4*g, -g - 228 = -4*k. What are the prime factors of k?
2, 7
Let i(v) = -7*v**2 - 2*v**2 + v**3 - 5*v + 2*v**2 + 2*v**2. List the prime factors of i(6).
2, 3
Let o = 51 - 44. List the prime factors of o.
7
Suppose 3*t = -2*t - 105. Let c = -13 - t. What are the prime factors of c?
2
Let a = -17 + 119. List the prime factors of a.
2, 3, 17
Let u(l) = 11 + 0*l**2 - 4 + l**2 + 6*l. List the prime factors of u(-6).
7
Let s(c) = -4*c - 3. Let i be s(-2). Let o be (4 - 1) + -4 + 1. Let y = i - o. List the prime factors of y.
5
Suppose m = -m. Suppose m*f + 18 = 2*f. List the prime factors of f.
3
Let i(p) = 9*p + 45. List the prime factors of i(11).
2, 3
Suppose 5*s + 9 = 2*s. Let r(c) = -c**3 - 2*c**2 + 3*c + 1. Let v be r(s). Suppose 0 = 3*w - 5 - v. List the prime factors of w.
2
List the prime factors of 1404/20 - 3/((-30)/(-2)).
2, 5, 7
Let s(m) = -m**2 + 2*m - 1. Let z be s(1). Suppose 4*g - 68 = -3*h - z*h, 4*g - h - 52 = 0. List the prime factors of g.
2, 7
Let w be 32/40*(-10)/4. Let r(k) = 0*k - 2 + 1 + k + 3*k**2. What are the prime factors of r(w)?
3
Suppose -q + 20 - 87 = -3*y, -4*y + 91 = -3*q. Let a(t) = -2*t**2 + 6*t + 9. Let g be a(5). Let o = g + y. List the prime factors of o.
11
Let n = -23 - -45. Suppose -70 = 4*d + d. Let z = n + d. List the prime factors of z.
2
Let q(k) be the second derivative